{"id":9847,"date":"2024-04-24T22:22:19","date_gmt":"2024-04-24T22:22:19","guid":{"rendered":"https:\/\/leonpharma.com\/?post_type=product&#038;p=9847"},"modified":"2024-06-19T11:19:33","modified_gmt":"2024-06-19T14:19:33","slug":"oxiflex-l-a","status":"publish","type":"product","link":"https:\/\/leonpharma.com\/index.php\/producto\/oxiflex-l-a\/","title":{"rendered":"Oxiflex L.A."},"content":{"rendered":"<p class=\"ndfHFb-c4YZDc-fmcmS-DARUcf\">Oxitetraciclina Clorhidrato 20%<\/p>\n<p class=\"ndfHFb-c4YZDc-fmcmS-DARUcf\">Diclofenac S\u00f3dico 2,5%.<\/p>\n<p class=\"ndfHFb-c4YZDc-fmcmS-DARUcf\">Antibi\u00f3tico de amplio espectro.<\/p>\n<p class=\"ndfHFb-c4YZDc-fmcmS-DARUcf\">Larga acci\u00f3n.<\/p>\n<p class=\"ndfHFb-c4YZDc-fmcmS-DARUcf\">Antinflamatorio &#8211; Analg\u00e9sico &#8211; Antipir\u00e9tico.<\/p>\n<p class=\"ndfHFb-c4YZDc-fmcmS-DARUcf\">Soluci\u00f3n inyectable.<\/p>\n<p class=\"ndfHFb-c4YZDc-fmcmS-DARUcf\">Bovinos y porcinos: 1 ml cada 10 kg.<\/p>\n<p class=\"ndfHFb-c4YZDc-fmcmS-DARUcf\">Aplicar por v\u00eda intramuscular profunda.<\/p>\n<p class=\"ndfHFb-c4YZDc-fmcmS-DARUcf\">Presentaci\u00f3n: 50 ml y 250 ml.<\/p>\n","protected":false},"excerpt":{"rendered":"<p>Oxitetraciclina Clorhidrato 20% &#8211; Diclofenac S\u00f3dico 2,5%. Antibi\u00f3tico de amplio espectro. Larga acci\u00f3n.<\/p>\n","protected":false},"featured_media":10006,"template":"","meta":[],"product_brand":[],"product_cat":[69],"product_tag":[],"class_list":{"0":"post-9847","1":"product","2":"type-product","3":"status-publish","4":"has-post-thumbnail","6":"product_cat-antibioticos","8":"first","9":"instock","10":"featured","11":"shipping-taxable","12":"product-type-simple"},"_links":{"self":[{"href":"https:\/\/leonpharma.com\/index.php\/wp-json\/wp\/v2\/product\/9847","targetHints":{"allow":["GET"]}}],"collection":[{"href":"https:\/\/leonpharma.com\/index.php\/wp-json\/wp\/v2\/product"}],"about":[{"href":"https:\/\/leonpharma.com\/index.php\/wp-json\/wp\/v2\/types\/product"}],"wp:featuredmedia":[{"embeddable":true,"href":"https:\/\/leonpharma.com\/index.php\/wp-json\/wp\/v2\/media\/10006"}],"wp:attachment":[{"href":"https:\/\/leonpharma.com\/index.php\/wp-json\/wp\/v2\/media?parent=9847"}],"wp:term":[{"taxonomy":"product_brand","embeddable":true,"href":"https:\/\/leonpharma.com\/index.php\/wp-json\/wp\/v2\/product_brand?post=9847"},{"taxonomy":"product_cat","embeddable":true,"href":"https:\/\/leonpharma.com\/index.php\/wp-json\/wp\/v2\/product_cat?post=9847"},{"taxonomy":"product_tag","embeddable":true,"href":"https:\/\/leonpharma.com\/index.php\/wp-json\/wp\/v2\/product_tag?post=9847"}],"curies":[{"name":"wp","href":"https:\/\/api.w.org\/{rel}","templated":true}]}}